 Let f = d - -29. Calculate o(f).
8
Let h be 3/27 + ((-1996)/144 - (-1)/(-4)). Let t(y) = 3*y**2 + 48*y - 9. Determine t(h).
-93
Let a(x) = 3*x**3 + x**2 - 34*x - 34. Let k = 3752 - 3753. Calculate a(k).
-2
Suppose -33*t + 0*t = -132. Let i(h) = t - 9*h - 33 + 31. Give i(-1).
11
Let j = -36 + 24. Let l be -1*(j/54 - 20/(-9)). Let h be (12/(-18))/(l/6). Let w(q) = q**3 + q**2 - 4*q + 3. Calculate w(h).
7
Suppose -3*r + 16 = 1. Suppose 5*v + 5*x = 30, 5*v - 3*x = 7*v - 13. Suppose v*b + r*a = -10, a + 4 = -b - b. Let t(d) = -d**2 + d. Determine t(b).
-6
Let s = 497 + -347. Let f = -148 + s. Let r(w) = -15*w. Determine r(f).
-30
Let x(c) = 3*c**3 + 5*c**2 + 4*c + 2. Let w = 1641 - 1643. Determine x(w).
-10
Let t(g) = 11646*g - g**3 + 2*g**2 - 23304*g + 11653*g + 12. Determine t(3).
-12
Let c(a) = a**3 + 10*a**2 + a**2 - 4*a - 23 + 33 - 5*a - 3*a**3. Give c(5).
-10
Let o(m) = -44*m - 1. Let s(b) = -123*b - 3. Let c(d) = -17*o(d) + 6*s(d). Calculate c(0).
-1
Suppose -k = -3*k - 86. Let d = 46 + k. Let t(n) = 1 - 4*n**2 - 2*n**d - 5*n + 3*n**3 - n + 2. Determine t(5).
-2
Let i(b) = -b + 2. Let l(u) = -13*u - 29. Let w be l(17). Let t = w + 244. Determine i(t).
8
Let f(i) = -8 + 313*i + i**3 - 945*i + 317*i + 313*i + 4*i**2. Calculate f(-5).
-23
Let x = 330 + -333. Let i(k) be the third derivative of 4*k**2 - 1/12*k**5 + 0 + 0*k**3 - 1/120*k**6 - 1/8*k**4 + 0*k. Determine i(x).
-9
Let r(f) = 4*f - 1. Let b(z) = z. Let q(p) = p**2 + 7*p - 7. Let y(m) = -4*b(m) + q(m). Let s be y(-5). Suppose -5*v + 5 = -4*v + 2*a, -a = -s. Give r(v).
-5
Let l(c) = -4*c + 1. Let p(h) = 5*h - 1. Let z(b) = 3*l(b) + 2*p(b). Let d be ((-6)/(-3))/(-4) + (-286)/(-44). Let g be 232/(-87) + (10/d - 2). What is z(g)?
7
Let p(r) = -r**2 + 5*r - 4. Suppose -a = -6*a - 120. Let c be -26 - 9/((-54)/a). Let i be (-14)/(-4) - 15/c. What is p(i)?
0
Let w(d) = -11*d + 43*d**3 + d**2 + 5 + 14*d**3 + 4*d. Let u(a) = -28*a**3 + 3*a - 2. Let f(q) = -5*u(q) - 2*w(q). Calculate f(-1).
-27
Suppose j - 10 = -4*j. Let g(a) = 3 + 3*a**2 - j*a - 3*a**2 + 5*a - a**3 - 2*a**2. Let f = -6 + 4. Calculate g(f).
-3
Let f(u) = u**3 + 9*u**2 + 2*u - 4. Let r(a) = a**2 - 9*a - 77. Let o be r(-5). Give f(o).
80
Let o(s) = -29*s**2 - 57*s + 13. Let q(z) = -8*z**2 - 19*z + 4. Let h(j) = -2*o(j) + 7*q(j). What is h(13)?
93
Suppose -286 = -2*s - 246. Let h(o) = 25*o + 0 - 2 - s*o. Determine h(-3).
-17
Let g(p) = 4*p. Let x be 24*(4/16 - -2). Suppose -19*d = -d - x. What is g(d)?
12
Let g(c) = -c**3 + 7*c**2 + c - 3. Let l(w) = 5*w**2 - 168*w + 104. Let d be l(33). What is g(d)?
52
Let c(s) = -7*s**3 + 7*s**2 + 3*s. Let f(w) = 2*w**3 - w**2 - 2*w - 1. Let g(z) = -c(z) - 4*f(z). Suppose -4*v = 3*h + 6, -4*h + 1 = 3*v + h. What is g(v)?
-11
Let t(p) = 7*p + 32. Let r(h) = h**3 + 5*h**2 + 3*h + 49. Let o be r(-6). Let g be t(o). Let c(d) = -4*d + 4. What is c(g)?
16
Let g(n) = -n + 8. Let m be g(-5). Let c = m - 8. Let v(t) = 9*t - 2*t - 5*t - t + c. What is v(-6)?
-1
Let s(h) = -2*h**3 - 29*h**2 + 52*h + 60. Let v be s(-16). Let j(f) = f**3 - 2*f**2 - 19*f + 9. Determine j(v).
-11
Let l be (-913)/(-166) + (-6)/4. Let f(b) = -2*b**2 - 3*b + 5. Determine f(l).
-39
Let d(s) = 5*s - 12*s - 14 - 19*s**2 + 18*s**2. Give d(-5).
-4
Let h(f) = -1 - 2*f - 78*f**3 - 5*f**3 + 86*f**3 + f**2. Calculate h(-1).
-1
Let h(w) = -3*w**3 + 4*w**3 - 2*w**3 - 3552 + 3553 + 2*w**3 - 2*w. Let c = -2 - -3. What is h(c)?
0
Let x(f) = -4*f + 28. Let j(t) = t - 12. Let d(p) = 16*j(p) + 7*x(p). Give d(7).
-80
Let v = 2 + -1. Let s be ((-33)/6 + 4 - 2)*-98. Let r(l) = s*l - 173*l + 3 - 199*l - 2. Determine r(v).
-28
Let h = -212 - -215. Let j(m) = 0 + 1 - 6*m**2 + 57*m**h - 58*m**3 + 5*m**2. What is j(-2)?
5
Let v(h) be the second derivative of h**4/12 + 9*h**3/2 - 118*h**2 + 5203*h. Give v(-34).
2
Let f(d) = -d**2 + 15*d - 31. Let q(k) = k**2 + 24*k - 40. Suppose 0 = 3*c + 2*a + 84, 40 = -26*c + 24*c + 4*a. Let m be q(c). Determine f(m).
5
Let y(w) be the second derivative of w**7/840 + 7*w**6/360 - w**5/120 - w**4/6 + 13*w**3 + 4*w + 3. Let m(n) be the second derivative of y(n). Determine m(-7).
3
Suppose 5*s + 16 = g, -2*g + 4*g + 38 = -4*s. Let k(z) = 7*z**2 + z - 264. Let q(i) = 5*i**2 - i - 195. Let y(n) = 3*k(n) - 4*q(n). What is y(g)?
6
Let q(h) be the second derivative of -1/40*h**5 + 0 + 0*h**3 - 2/3*h**4 + 1/720*h**6 + 0*h**2 + 4*h. Let s(j) be the third derivative of q(j). Calculate s(7).
4
Let q(f) = f**2 + 5*f. Let z(x) = -3*x**2 - 14*x + 24. Let k(l) = -2*q(l) - z(l). Determine k(-7).
-3
Suppose 3*f + 64 + 91 = -2*d, 5*f + 145 = -2*d. Let q = d - -89. Suppose -28 = -q*s + u, -3*s - 2*u = -5*s + 20. Let y(z) = -z - 2. Determine y(s).
-8
Let s(x) be the second derivative of x**5/40 + x**4/3 + x**3/6 + 11*x**2 - 13*x + 1. Let g(i) be the second derivative of s(i). Give g(-9).
-19
Let d(j) = 8*j**3 + 16*j**2 + 249*j + 19. Let p(t) = -5*t**3 - 11*t**2 - 158*t - 13. Let u(r) = 7*d(r) + 11*p(r). What is u(9)?
35
Suppose 3*j - 192 = 345. Suppose 171*p - j*p - 48 = 0. Let d(q) = 4*q + 9. What is d(p)?
-15
Suppose 9 + 11 = 14*f + 6*f. Let o(b) = -3*b**3 + 3*b**2 - 2*b. Give o(f).
-2
Let p be (-308)/(-14)*2/4. Let a(j) = -8*j - 2*j + 21*j - p + j**3 - 9*j**2 - j. Let z be a(8). Let i(g) = g - 3. What is i(z)?
2
Suppose -6*y - 15 = -3*y. Suppose 0 = 2*r - 2451 + 67. Let j(p) = 7*p + 1199*p**2 + 3 + 2 + p**3 - r*p**2. Determine j(y).
20
Let s(k) = -504*k - 10025. Let h be s(-20). Let m(g) = g**3 - 57*g**2 + 110*g + 2. Give m(h).
2
Let c(a) be the second derivative of -a**4/12 + 11*a**3/6 + 12*a**2 + 633*a. Determine c(-2).
-2
Let c(n) = -2101548 + 3*n - 7*n - 5*n + 2101410. What is c(-16)?
6
Let u(t) = t**3 + 5*t**2 - 2*t + 20. Let w be u(-6). Let x be 4/12 - 8/(-3). Let f(h) = h**3 - 4 - 5*h + 7 - 2*h**3 + 2*h**2 + 2*h**x. Determine f(w).
-9
Let t = 6958 + -6958. Let k(l) = l**2 - 3*l - 15. Let x(f) = 4*f - f**2 + 8 + 1 + 5. Let r(n) = -3*k(n) - 2*x(n). Calculate r(t).
17
Let q(c) be the second derivative of 59*c**3/6 + 345*c**2/2 - 429*c. Give q(-6).
-9
Let o(i) be the third derivative of i**4/24 + i**3/6 - i**2. Let b be 4777/119 - 6/(-7). Suppose -b*v - 185 = -21. What is o(v)?
-3
Let k(x) = -161*x**2 - 39 + 160*x**2 + 23. Let s be (1 - 0)*(0 + 0). Determine k(s).
-16
Let b(n) = -n**3 - 10*n**2 + 3*n - 22. Suppose 15*c = 25 - 167 - 8. Determine b(c).
-52
Let j(y) be the third derivative of -y**6/60 - y**5/5 - y**4/2 - 25*y**3/6 - 22*y**2 + y + 47. Calculate j(-5).
-15
Let w be ((-36)/48)/(21/(-56)). Let z(k) = -8*k - 4. Let c(i) = 8*i + 4. Let o(b) = 3*c(b) + 4*z(b). Calculate o(w).
-20
Let i(f) = -4 - 107*f**3 - 2*f + 5*f**2 - 90*f**3 + 196*f**3. Let t be 15/4 + (-3)/4. What is i(t)?
8
Let d = -18977 - -18967. Let h(g) = -g**2 - 8*g + 7. Calculate h(d).
-13
Suppose -2*o - 12 = 0, 70*o - 12 = -4*y + 68*o. Let i(v) = -v**3 + v**2 + 28*v + 29. Give i(y).
17
Suppose 218*t - 99 = 251*t. Let b(k) = -k**3 - k**2 + 4*k + 3. Give b(t).
9
Let z(q) = 8*q + 115. Let r = 33936 + -33950. Give z(r).
3
Let w(u) = -5*u**3 + 9*u**2 - u - 11. Let l(q) = 42*q**3 - 72*q**2 + 9*q + 87. Let h(t) = -2*l(t) - 17*w(t). Give h(9).
4
Let s = 17 + -11. Let t(x) = 7*x**2 - 18 - x**3 - 6*x + 9 - 7 + 9 + 8 - x. Calculate t(s).
-5
Suppose -30 = -4*j - 14. Suppose 4*y - 7*t = -j*t + 12, -5*y + 34 = t. Let i = 5 - y. Let g(s) = -16*s**3 - 2*s**2 + 1. Determine g(i).
15
Let t(y) = -y**2 - y - 4. Let q(p) = 3*p**2 + 3*p + 9. Let z(m) = 2*q(m) + 5*t(m). Suppose 129*g - 41*g = 88. Calculate z(g).
0
Let a(c) = -2*c - c**2 - 4 + c + 2*c**2 + c**2. Let b = 61731 + -61733. Determine a(b).
6
Let l(b) = -4*b**3 - 6*b**2 + 2*b - 1. Let g(p) = 6*p**3 + 7*p**2 - 3*p - 1. Let h(n) = -3*g(n) - 4*l(n). Calculate h(3).
-17
Let v(r) be the third derivative of -7*r**4/8 + 7*r**3 + r**2 - 29*r - 32. Calculate v(5).
-63
Let o(k) = 30*k - 4 + 7 + k**2 - 31*k. Suppose b - 19*m = -18*m, 0 = 4*b - 2*m - 8. Calculate o(b).
15
Let i(d) = 16*d**3 - 81*d**2 + 66*d + 160. Let q(w) = 3*w**3 - 16*w**2 + 13*w + 32. Let x(j) = 2*i(j) - 11*q(j). Give x(13).
-6
Let u(l) be the second derivative of -5*l**4/3 - l**3/6 - 3*l**2/2 - 2*l + 989. Calculate u(-2).
-81
Suppose -137*b + 139*b = -w + 2, -5*b + 2 = 2*w. Let a(l) = -11*l**2 - 8*l - 11. What is a(b)?
-39
Let o(l) = -2*l + 44. Suppose -11*b = 26*b